t of t?
1
Let q = 11 - 9. Suppose 267 = q*x + 2*k + k, -519 = -4*x - k. What is the units digit of (-5)/(-10) - (0 - x/2)?
5
Let v be ((-1)/(-3))/(2/18). Let n = 104 - 99. Suppose -2*p = -3*m - 0*m - 46, v*p = -n*m + 69. What is the tens digit of p?
2
What is the units digit of (12 + -31)*71*-19?
1
Let h(a) = -a + 26. Let i be h(9). Let m be -3*(12/10)/(i/(-510)). Let b = m - 37. What is the units digit of b?
1
Suppose 6 - 3 = -3*a. Suppose 3*p - 5*f = -2*p + 25, 3*f + 13 = p. What is the units digit of (4 + 12)/(p - a)?
8
Suppose 0 = 78*u - 86*u + 72128. What is the units digit of u?
6
Let j(v) = -6*v**2 + 516*v + 32. What is the tens digit of j(83)?
2
Let z = -239 - -240. What is the hundreds digit of (z + (-1 - -5))*1302/10?
6
Let t = 319 + -487. What is the units digit of (250/(-7))/(12/t)?
0
Let q be 24/40 + (-33)/5. What is the hundreds digit of 230 - (-3 - (1 + q))?
2
Let j(s) = 58*s - 32. Let r be j(16). Suppose -r = -5*o + 1224. What is the tens digit of o?
2
Let w(m) = -m**2 + 23*m - 27. Let h(v) = v**2 + 20*v + 10. Let b be h(-22). Suppose 11*f + b = 14*f. What is the tens digit of w(f)?
6
Let h = -1297 + 4549. Let o = 4632 - h. Suppose -13*b = -3*b - o. What is the hundreds digit of b?
1
Let w(i) = -642*i**2 + i - 1. Let q be w(-1). Let z = 180 - q. What is the tens digit of z?
2
Let z(v) = -v + 1. Let w(f) = -3*f - 37. Let d(c) = -w(c) + 4*z(c). Let u be (4 - 3)*2*6 + 1. What is the tens digit of d(u)?
2
Suppose 0 = -2*b - 3*b + 5*n + 35, -3*n - 11 = -b. What is the units digit of 59 - (b + (-6)/6)?
5
Suppose 1411593 = 276*r + 470586 - 1600125. What is the thousands digit of r?
9
What is the ten thousands digit of ((-2975)/(-14) - 3)*384/4?
2
Let f(x) = -3324*x + 210. What is the tens digit of f(-9)?
2
What is the tens digit of 4/(1796730/128333 + -14)?
4
What is the hundreds digit of 1 + (-57)/63 + 22170500/2625?
4
Let v(g) = 2062*g + 1879. What is the tens digit of v(8)?
7
Let w = -500 - -502. What is the units digit of 6 + w - (2 - 226)?
2
Suppose x - a - 123 = 0, 35 + 467 = 4*x + a. Suppose 5*p = 10 + x. What is the units digit of (p/5)/((-17)/(-85))?
7
Let k(z) = z**2 - 8*z - 17. Suppose 2*f - 7*f - 4*p + 58 = 0, 5*f - 42 = 4*p. Let w be k(f). What is the units digit of (-3962)/(-98) + w/(-7)?
0
Let h = 51774 + -7961. What is the thousands digit of h?
3
Let w = 134 - 140. What is the thousands digit of -8 + (w + 6 - -1094)?
1
Let p = 58 - 53. Suppose -114 = p*b + 4*u - 1089, b - 3*u = 176. What is the hundreds digit of b?
1
Suppose 1068*c - 1064*c + 24 = 0. What is the hundreds digit of 36/(-8)*(-5 - 109) + c?
5
Let g = -14300 + 27090. What is the hundreds digit of g?
7
Suppose 35 - 35 = 4*u. Suppose 17*j - 50*j + 19734 = u. What is the tens digit of j?
9
Suppose -3*c - 3 = -6*c. Suppose 0 = -2*t - 5*r + 29, -12*r = -11*r - c. What is the units digit of t?
2
Suppose -w + 0*g = -5*g - 14, -3*w + 22 = 5*g. Suppose 27*o = w*o + 10098. What is the hundreds digit of o?
5
Let a be (-724)/(-6)*((-45)/(-10))/(-3). Let l = 191 + a. What is the tens digit of l?
1
Let v(f) = -2*f**2 - 81*f - 26. Let w be v(-37). Let l = 72 + -141. Let i = w + l. What is the hundreds digit of i?
1
Suppose -6*a + 90 + 60 = 0. Suppose 5*f = -a, 20*c = 19*c + 2*f + 320. What is the hundreds digit of c?
3
Suppose 0 = j - m - 21350, -3*j + m = 12589 - 76633. What is the ten thousands digit of j?
2
Let k(r) = 2*r**3 + 17*r**2 - 44*r + 16. Let g(o) = o**3 + 18*o**2 - 43*o + 16. Let m(b) = 3*g(b) - 2*k(b). What is the hundreds digit of m(17)?
1
Suppose 0 = m - 3 - 2. Let w be 2*(m/(-15) - (-826)/12). Let k = w + -80. What is the units digit of k?
7
Let j = 311 - 303. Suppose j*i = 4*i + 3276. What is the units digit of i?
9
Suppose 6*l - 9*l + 705 = 0. Let i = l + 104. What is the units digit of (i/(-6))/(6/(-12))?
3
Let l(r) = r**3 - r. Let c be l(0). Let s be 3 + (9/(-3) - c). Suppose -o + 62 + 3 = s. What is the units digit of o?
5
Let h(d) = -2*d**3 - 7*d**2 + 5*d + 39. Let g be h(-9). What is the units digit of (0 - (-3 + 0))/(3/g)?
5
Suppose 5*i = -16*i + 105. Suppose -4*x + 118 = 2*o - 0*x, 136 = 2*o - i*x. What is the units digit of o?
3
Let u = -289 + 289. Suppose u = 36*a - 10444 - 10832. What is the hundreds digit of a?
5
Let v = -1975 - -3921. What is the units digit of v?
6
Let w = 716 - 238. Let l = 1119 - w. What is the tens digit of l?
4
Let n(z) = -27*z - 42. Let y = 62 + -28. Suppose y = -4*l - m, -3*l + m - 29 = -0*m. What is the units digit of n(l)?
1
Let x = -180 + 1104. Suppose -5*i + x = -501. Suppose 4*h - 5*b - 174 = i, -2*h = b - 233. What is the hundreds digit of h?
1
Let b(v) = 15*v - 8. Suppose 4*i + 0 = 4. Let p be b(i). What is the units digit of (-1858)/(-20) - p/(-70)?
3
Let x = -34779 - -48473. What is the units digit of x?
4
What is the tens digit of (-7)/(-70) + 11487*(-7)/(-210)?
8
Let i(s) = 62*s - 34. Let f(d) = -12*d + 7. Let m(w) = -22*f(w) - 4*i(w). Let o(q) = -2*q - 4. Let p be o(-6). What is the units digit of m(p)?
0
Let z = 279 + 59. Let j = z - 315. What is the units digit of j?
3
Let b = -1436 - -3051. What is the hundreds digit of b?
6
Suppose -4 = -0*c - c. Let y = 344 + -344. Suppose y*u - 2*i = -u + 27, i - c = 0. What is the tens digit of u?
3
What is the units digit of 2/(9 + (-9890)/1100)?
0
Let s = 13803 + -3702. What is the ten thousands digit of s?
1
Let x = 34 - 18. Let b = -107 + x. Let q = -53 - b. What is the units digit of q?
8
Suppose -79*k - 6342 = -86*k. What is the tens digit of k?
0
Let m(r) = -2*r**3 + 30*r**2 - 50*r - 253. What is the tens digit of m(-13)?
6
Suppose -110483 = -12*w + 109597. What is the units digit of w?
0
What is the units digit of -1 - 12/((-132)/(-55)) - (1 - 5826)?
9
Let q(k) = 660*k. Let h be q(1). Suppose -4*t = 2*y - 511 - 163, 2*y - 3*t = h. What is the tens digit of y?
3
Let q(c) = 19*c**2 + 28*c - 136. Let a(p) = p**2 + p + 4. Let o be a(0). What is the units digit of q(o)?
0
Let o(f) = 8*f**3 - 5*f**2 - 8*f + 5. Let p be o(5). Suppose -6*x + p = x. Suppose -7*v + 4*v = -x. What is the tens digit of v?
4
Let z(v) = -1146*v**3 + 6*v**2 + 13*v + 4. Let n be z(-2). Suppose 24*k + 626 = n. What is the hundreds digit of k?
3
Suppose -p - 4*u + 8 = 0, 33 = 2*p + 5*u + 8. Suppose -16368 = -p*j - 3168. What is the tens digit of j?
6
Let l be 10/40 + (-5502)/(-8) + -3. Suppose -5*t + 530 = -l. What is the units digit of t?
3
Let t be -2 + (3 - (-3 + 4)). Suppose t*m - 159 = -m - 4*v, 0 = 3*m - 3*v - 522. What is the units digit of m?
1
Let g be (-85204)/(-13) + 10/(-65). Suppose -2*p + g = 27*p. What is the tens digit of p?
2
Suppose 5*i - 70748 = 4*w, 7*w = -18*i + 17*i + 14095. What is the ten thousands digit of i?
1
Suppose 0*l - 24 = -6*l. What is the tens digit of l*((-3633)/12)/(-7)?
7
Suppose 383765 = 21*r - 126997. What is the ten thousands digit of r?
2
Let m = 95860 + -67689. What is the thousands digit of m?
8
Suppose 18*m - 47*m = 17139. Let j = 1357 + m. What is the units digit of j?
6
Let o = -59 - 336. Let u = 218 + o. Let i = 374 + u. What is the tens digit of i?
9
Suppose -9*y - 69022 = 6*y - 205807. What is the hundreds digit of y?
1
Let n be 8/12 - (-242)/(-3). Let j = n + 492. What is the hundreds digit of j?
4
Suppose 21*q - 13 = 22*q. Let h(x) = x**2 + 12*x + 52. What is the units digit of h(q)?
5
What is the tens digit of -18 - (-24234 - 13)*1?
2
Suppose 23*l = 7*l + 9600. Suppose 24*k + l = 32*k. What is the units digit of k?
5
Let n be (-1 - 106/(-2))*(-1)/1. Let k = n - -55. What is the units digit of 14/k + -4 + (-164)/(-6)?
8
Let d(a) = 7 - 8*a + 0*a**2 + 2*a**2 + 0 - 11. Let y be d(-10). Suppose -5*n + y = 2*m, 6 = 4*n - n. What is the units digit of m?
3
Let x(w) = 86*w**3 + 6*w**2 + 23*w + 17. Let y(v) = -43*v**3 - 3*v**2 - 11*v - 9. Let c(n) = 3*x(n) + 7*y(n). What is the hundreds digit of c(-3)?
1
Let k = -91691 - 139209. What is the hundreds digit of 5 + (k/(-225) - 4/18)?
0
Suppose 5*j - 14919 = -4*w + 29010, -26363 = -3*j - w. What is the thousands digit of j?
8
Let r(z) = -2*z**2 - z + 77. Let s(f) = f**2 + f - 78. Let m = 10 + -13. Let l(k) = m*r(k) - 4*s(k). What is the units digit of l(0)?
1
Let d(x) = -2*x**2 + 8*x + 5. Suppose -16 = -2*n - 8. Let h be d(n). Suppose -4*m + 2*m + 820 = h*q, -4*q = 4*m - 656. What is the units digit